g + 4*a, 0 = 4*a - 16. Let i = p + g. Is i a composite number?
False
Suppose -241 = -h + 479. Let p = -79 + h. Is p a composite number?
False
Suppose -8*k + 9164 = -4*k. Is k composite?
True
Suppose -1594*a - 248 = -1602*a. Is a composite?
False
Let n be (12/18)/((-3)/(-1656)). Suppose -4*q - 887 = -h - 4*h, -5*q = 2*h - n. Is h a composite number?
False
Let a(p) = 50*p**3 + p**2 + 104*p - 500. Is a(5) a prime number?
False
Suppose 4*m = 8, -4*t = -t - 3*m - 9. Let v(a) = -a**3 + 6*a**2 - 2*a + 7. Is v(t) composite?
True
Let g(s) = s**2 - 6*s. Let k be g(6). Suppose k = -2*n + 3*o + 501, 4*n - 2*n - 4*o = 502. Suppose 2*i - n = -79. Is i a prime number?
False
Is -1 + 227 - (18 + (-13 - 0)) composite?
True
Let z be (1 + 0 + 0)/1. Is (-973)/(z/(-3) + (-4)/6) prime?
False
Suppose -163*n + 157*n = -90078. Is n prime?
True
Suppose -26376 = -2*n + 27706. Is n a composite number?
True
Is (-25533)/(-18) + (21/(-6) - -2) composite?
True
Suppose -p + 4*d + 2191 = 0, -3251 = -p + 2*d - 1070. Is p a composite number?
True
Let l(i) = i**3 + 8*i**2 - 2*i - 4. Let j be l(-8). Let d be ((-155)/15)/((-1)/j). Let o = 33 + d. Is o prime?
True
Let q = 6308 + -3727. Is q prime?
False
Suppose 5*s - 10*u - 93745 = 0, 4*u = s - 2488 - 16267. Is s a prime number?
True
Suppose -611 - 29 = -5*f. Suppose 21 = -4*h - 3. Is h/(-4)*(f - -6) prime?
False
Let w(o) = -2*o**3 - 2*o**2 - 4*o - 3. Suppose 7*v = 11*v - 100. Suppose -5*j = 10 - v, -4*y = 2*j + 18. Is w(y) a composite number?
True
Let j(c) = c**2 - 5*c + 2. Let h be j(6). Let w(r) = -r**3 + 12*r**2 + r - 13. Is w(h) a composite number?
False
Suppose -15*l = -17*l. Is l + 1808 + 4 - (1 + 0) composite?
False
Suppose -2*n + 369379 - 78048 = -3*u, -n + u = -145664. Is n a prime number?
True
Suppose a = -0*a + 5. Suppose 256 = 5*n - q + 2, 2*n = a*q + 97. Let u = n + -4. Is u a prime number?
True
Suppose -17*b + 5132 = -6785. Is b a prime number?
True
Suppose -3*u = b - 308, 2*u + u + 326 = b. Is b prime?
True
Suppose -772 = 4*v - 5*v. Let u(j) = -2*j**2 + 10*j + 2. Let o be u(5). Suppose -v - 22 = -o*n. Is n a composite number?
False
Is ((7 - 8)/1)/(2/(-7498)) a prime number?
False
Let z(u) = 6*u + 17. Let k be z(-8). Let g = k - -50. Suppose -2*a - y = -136, -a + y + g = -46. Is a a composite number?
False
Suppose 3*o = 2*a + 8*o - 158922, -4*o = -16. Is a prime?
True
Suppose -4*f + 10*f = -348. Let x = 421 - f. Is x a prime number?
True
Let p = -17 - -14. Let z(x) = -x**2 - 7*x - 8. Let w be z(p). Suppose -5*s + 4*i + 31 = 0, -w*s + 2*i + i = -24. Is s a composite number?
False
Let c = 7883 + -2656. Suppose 4*b - 4*m = -6*m + 4196, 0 = -5*b + 2*m + c. Is b composite?
True
Let v = 30 - 25. Suppose 2*o + 3 = -2*q + 9, o - v = q. Let w(n) = 211*n**2 - n - 1. Is w(q) a composite number?
False
Suppose -l + 149792 = 5*q, -6*q + 11*q - 4*l = 149807. Is q a prime number?
True
Let f = 5 - 1. Suppose -6*n = -f*n - 656. Suppose 2*j = -2*j + n. Is j prime?
False
Suppose c + 22 = 3*b - 3*c, 3*c + 8 = -2*b. Suppose 3*p = b*p + 1847. Is p composite?
False
Let v be 11 + 12/(-3) - 3. Suppose 3*z = -3*h + h + 4, 2*h = -z - v. Is z/4*-67*-5 a prime number?
False
Let b(l) = 53*l. Suppose -t + 5 = 0, 4*p - 8 = -5*t + 21. Suppose 0 = 5*u - 6*u + p. Is b(u) composite?
False
Let l = -1752 - -12325. Is l a composite number?
True
Is (-1 - -2)/(55/400565) a prime number?
True
Let q = -2 - 6. Let t(l) = l**3 + 8*l**2 - 6*l - 4. Let u be t(q). Suppose -12*o + u = -8*o. Is o composite?
False
Suppose -13 = -5*u + 12. Suppose 194 = -5*y - 1971. Is (-6)/(-15) - y/u a prime number?
False
Suppose -5*x + 4 = -1. Let t = 1 + x. Suppose 5*v - t*r - 680 = r, 4*v - 547 = 3*r. Is v prime?
False
Suppose 0 = 2*v - 6*v + 76. Let g = 32 - v. Is g a prime number?
True
Suppose 0 = 4*m - p - 6625, m - 12*p - 1666 = -15*p. Is m prime?
True
Let n = -6458 + 11590. Suppose -2*i - 3849 = -3*o, -5*i = 2*o + 2*o - n. Is o a prime number?
True
Is ((-27)/(-9))/((-3)/(-1261)) composite?
True
Let r = -620 + 1197. Let f(v) = -7*v**3 + 2*v**2 + 10*v - 9. Let b be f(-5). Suppose -3*n + r + b = 0. Is n a composite number?
True
Let u = 13744 - 9288. Let w = -3063 + u. Is w composite?
True
Suppose -5*y - 30 = -10*y. Let n be (5/(-3))/((-2)/y). Suppose 0 = -n*i + 1102 - 327. Is i prime?
False
Let a = 645 - -153. Let p = -385 + a. Is p a composite number?
True
Is 8328/(-96)*-8*(0 + 1) composite?
True
Let d = -34 + 66. Let s be 6/4*d/(-12). Is s/(8/(-97))*2 composite?
False
Let m(w) = 56*w**2 - 35*w + 265. Is m(-30) a prime number?
False
Suppose s + 6 = 3*s. Suppose -4*c + 1040 = -2*d, s*c + 265 = 4*c - 3*d. Is c a composite number?
True
Let y(l) = -32*l + 5. Let o(v) = -v**3 - 2*v**2 + 5*v + 2. Let c be o(-4). Let i be (-12)/(-3) - (c - 1). Is y(i) composite?
False
Let o be -2 - -14*(-4)/(-8). Suppose -2*d = o*u - 14 - 4, 2*u - 3*d = 11. Suppose u*a - 41 = 19. Is a composite?
True
Let y(u) = -40*u**3 + 11*u**2 + 20*u + 2. Is y(-5) a prime number?
False
Suppose -10*u = -8*u - 10872. Let f = u - 2373. Is f prime?
False
Suppose 2*b + 16 = 4*b. Let s = b - -63. Suppose 0 = 2*h - s - 67. Is h prime?
False
Is 202/6*((-333)/(-3))/1 composite?
True
Suppose -28 = -4*d + 4*y, 2*d = -y - 2*y - 6. Suppose -d*a - 2*a + 4570 = 0. Let r = -649 + a. Is r a composite number?
True
Let i be 14/8 - (-3)/(-4). Let h be 1/(-1) - (-2 - i). Is 23 + 5/(5/h) composite?
True
Suppose 10*n - 3*n = 78449. Is n a prime number?
False
Let u be -3 + -1 - 99/(-11). Suppose 0 = -3*d + 5*o + 4978, -o = -0*d + u*d - 8250. Is d a composite number?
True
Suppose i - 1 = 4*q - 11, 4*i + 8 = 0. Suppose -r = -q*f + 317, -f + 2*r = -108 - 52. Is f a prime number?
False
Let b be (-1 - -2)/1 + -18. Let v = 40 + b. Let c = -17 + v. Is c a composite number?
True
Let c = 39 + -35. Suppose 0 = b - o - 226, -2*o + 0*o = -c*b + 906. Suppose z + 4*s = -2*z + b, -212 = -3*z - s. Is z a prime number?
False
Let l(a) = a**2 + 17*a - 12. Let s be l(-17). Is (-8)/s*-3 - -1279 composite?
False
Let k(b) be the second derivative of 13*b**7/420 - b**6/720 + b**4/4 - 14*b. Let z(v) be the third derivative of k(v). Is z(1) a composite number?
True
Suppose 0 = -5*y + 10*y. Let h be y + 1*(202 + 0). Suppose -272 = -4*b - s + 5*s, -h = -3*b + s. Is b composite?
False
Suppose 0 = 4*x, 3*x = 5*p - 2*p - 1011. Let i = 515 - p. Is i prime?
False
Is 12/(10 + 38)*13636 composite?
True
Suppose 5*i + 71888 - 2343 = 5*n, 4*i = 2*n - 27810. Is n prime?
True
Suppose 5*i - 7*i + 3*n + 586 = 0, 0 = -i - 5*n + 267. Is i a composite number?
True
Let w(o) = 6*o**2 + 59*o + 27. Is w(-20) a prime number?
False
Let p be ((-220)/(-33))/((-4)/(-642)). Suppose 0 = -3*j + p + 2191. Is j a prime number?
True
Suppose -17*o = -18*o + 38945. Is o a composite number?
True
Let k = -194 - -58. Let m = -39 - k. Is m prime?
True
Let y(t) = t**3 - 40*t**2 + 43*t - 124. Let a be y(39). Let k(x) = -3*x**2 + 8*x - 1. Let l be k(6). Let w = a - l. Is w a prime number?
False
Suppose 22*x = 12*x + 25690. Is x a prime number?
False
Suppose 11*v = -5*v + 64. Suppose 5*n + v*t - 3681 = 0, -3*n - 5*t = -2*n - 753. Is n a prime number?
True
Suppose m = 2*g - 25938, -5*g + 16313 = -5*m - 48542. Is g a prime number?
True
Suppose 3*i - 4*z = 59779, -3*z - 859 - 19059 = -i. Is i a prime number?
False
Let k(t) = -9*t**3 - t**2 + 10*t - 1. Let s be -3 + (-3)/1*1. Is k(s) prime?
True
Let f = 30 + -14. Is ((-6676)/f)/1*-4 a prime number?
True
Suppose -4*b - 5*u = 870 + 4517, -4*b - 5397 = 3*u. Let d = -718 - b. Is d a composite number?
True
Suppose -6*d - 14 = -44. Let v(k) = 191*k - 36. Is v(d) prime?
True
Let d(r) = 16*r**3 - r**2 - 5*r + 5. Suppose 5*q = -2*v + 21, -v + 4*q = 3*v. Is d(v) a prime number?
False
Let b(a) = 4*a**2 + 18*a - 9. Is b(26) a composite number?
False
Let b(r) = 371*r + 2. Suppose -6 = -4*q + 10. Suppose 3*x = -2*w - 0*x + 21, 2*x = -q*w + 22. Is b(w) a composite number?
True
Suppose 5*z - 27 = 3*v, -3*z + 3*v = 2*v - 13. Suppose -3*t - 3*n + 3036 = 0, 516 + 2523 = z*t + 4*n. Is t prime?
True
Let j be ((-1)/3)/(2/(-12)). Suppose 5*p - 3737 - 3988 = 0. Is (-7)/((-35)/p) - j a prime number?
True
Suppose -45 = -3*m + 7*m + 3*q, 2*m + 20 = -2*q. Let v = 17 + m. Suppose 6*z - 3*z - 1129 = -v*l, -1467 = -4*z + 5*l. Is z prime?
True
Suppose -4*a + 106715 = 5*x, 4*x - 47868 = -2*